{"id":81,"date":"2016-12-27T09:12:15","date_gmt":"2016-12-27T08:12:15","guid":{"rendered":"https:\/\/gymnastiqueclubmennecy.wordpress.com\/la-baby-gym\/"},"modified":"2023-02-08T21:45:10","modified_gmt":"2023-02-08T20:45:10","slug":"la-baby-gym","status":"publish","type":"page","link":"https:\/\/www.gcmennecy.fr\/index.php\/les-sections\/la-baby-gym\/","title":{"rendered":"BABY GYM &#8211; ECOLE DE GYM"},"content":{"rendered":"<div style=\"text-align: justify; font-size: 14px;\" align=\"right\"><img loading=\"lazy\" decoding=\"async\" class=\"wp-image-3696 aligncenter\" src=\"http:\/\/gcmennecy.fr\/wp-content\/uploads\/2023\/02\/DSC_0420.jpg\" alt=\"\" width=\"282\" height=\"187\" srcset=\"https:\/\/gcmennecy.fr\/wp-content\/uploads\/2023\/02\/DSC_0420.jpg 2144w, https:\/\/gcmennecy.fr\/wp-content\/uploads\/2023\/02\/DSC_0420-300x199.jpg 300w, https:\/\/gcmennecy.fr\/wp-content\/uploads\/2023\/02\/DSC_0420-1024x680.jpg 1024w, https:\/\/gcmennecy.fr\/wp-content\/uploads\/2023\/02\/DSC_0420-768x510.jpg 768w, https:\/\/gcmennecy.fr\/wp-content\/uploads\/2023\/02\/DSC_0420-1536x1020.jpg 1536w, https:\/\/gcmennecy.fr\/wp-content\/uploads\/2023\/02\/DSC_0420-2048x1360.jpg 2048w\" sizes=\"auto, (max-width: 282px) 100vw, 282px\" \/><\/div>\n<div align=\"right\"><\/div>\n<div align=\"right\"><\/div>\n<div align=\"right\"><\/div>\n<div style=\"text-align: justify; font-size: 14px;\" align=\"right\">Nous accueillons les enfants filles et gar\u00e7ons de 15 mois \u00e0 5 ans pour des s\u00e9ances d&rsquo;une heure, le mercredi, samedi ou dimanche matin.<\/div>\n<div style=\"font-size: 14px; text-align: justify;\" align=\"left\">\n<p><strong>Les petits de 15 \u00e0 36 mois<\/strong>\u00a0doivent \u00eatre accompagn\u00e9s par l\u2019un de leurs parents.<\/p>\n<p><strong>Les 4\/5 ans<\/strong> s\u2019initient en douceur \u00e0 la pratique de la gymnastique avec leurs animatrices.<\/p>\n<p><strong>Ecole de Gym : Pour les initi\u00e9s (6\/7 ans)<\/strong>, une section \u00ab Ecole de Gym \u00bb permet l\u2019approche plus technique des agr\u00e8s.<\/p>\n<p><span style=\"text-decoration: underline; color: #333333;\"><strong>Objectifs : <\/strong><\/span><\/p>\n<ul>\n<li>Apprendre par le jeu \u00e0 se rep\u00e9rer dans l\u2019espace<\/li>\n<li>Apprendre \u00e0 ma\u00eetriser son corps pour s\u2019en servir<\/li>\n<li>Apprendre \u00e0 \u00e9couter pour accomplir<\/li>\n<li>Apprendre \u00e0 partager.<\/li>\n<\/ul>\n<p>Le gymnase est une structure am\u00e9nag\u00e9e qui peut devenir un magnifique terrain de jeu s\u00e9curis\u00e9. Un lieu parfaitement adapt\u00e9 au d\u00e9veloppement psychomoteur de l&rsquo;enfant! Parce l&rsquo;enfant a besoin de bouger, les activit\u00e9s de la Baby Gym ont \u00e9t\u00e9 pens\u00e9es en fonction de son comportement : marcher, sauter, rouler, se balancer, jouer, imiter, imaginer, explorer.<\/p>\n<p>No\u00ebl, P\u00e2ques, F\u00eate de fin d\u2019ann\u00e9e, sont autant de moments festifs que les enfants partagent avec leurs parents.<\/p>\n<\/div>\n<p><img loading=\"lazy\" decoding=\"async\" class=\"alignnone  wp-image-3698\" src=\"http:\/\/gcmennecy.fr\/wp-content\/uploads\/2023\/02\/DSC_0064.jpg\" alt=\"\" width=\"228\" height=\"343\" srcset=\"https:\/\/gcmennecy.fr\/wp-content\/uploads\/2023\/02\/DSC_0064.jpg 1424w, https:\/\/gcmennecy.fr\/wp-content\/uploads\/2023\/02\/DSC_0064-199x300.jpg 199w, https:\/\/gcmennecy.fr\/wp-content\/uploads\/2023\/02\/DSC_0064-680x1024.jpg 680w, https:\/\/gcmennecy.fr\/wp-content\/uploads\/2023\/02\/DSC_0064-768x1156.jpg 768w, https:\/\/gcmennecy.fr\/wp-content\/uploads\/2023\/02\/DSC_0064-1020x1536.jpg 1020w, https:\/\/gcmennecy.fr\/wp-content\/uploads\/2023\/02\/DSC_0064-1360x2048.jpg 1360w\" sizes=\"auto, (max-width: 228px) 100vw, 228px\" \/><\/p>\n<div align=\"left\"><\/div>\n<div align=\"left\"><img loading=\"lazy\" decoding=\"async\" class=\"alignnone size-full wp-image-150\" src=\"http:\/\/gymnastiqueclubmennecy.fr\/wp-content\/uploads\/2017\/01\/label_petiteenfance0.jpg\" alt=\"\" width=\"134\" height=\"85\" \/><\/div>\n","protected":false},"excerpt":{"rendered":"<p>Nous accueillons les enfants filles et gar\u00e7ons de 15 mois \u00e0 5 ans pour des s\u00e9ances d&rsquo;une heure, le mercredi, samedi ou dimanche matin. Les petits de 15 \u00e0 36 &#8230;<\/p>\n","protected":false},"author":1,"featured_media":0,"parent":85,"menu_order":0,"comment_status":"closed","ping_status":"closed","template":"","meta":{"footnotes":""},"class_list":["post-81","page","type-page","status-publish","hentry"],"jetpack_sharing_enabled":true,"jetpack_shortlink":"https:\/\/wp.me\/P8Uk5b-1j","_links":{"self":[{"href":"https:\/\/www.gcmennecy.fr\/index.php\/wp-json\/wp\/v2\/pages\/81","targetHints":{"allow":["GET"]}}],"collection":[{"href":"https:\/\/www.gcmennecy.fr\/index.php\/wp-json\/wp\/v2\/pages"}],"about":[{"href":"https:\/\/www.gcmennecy.fr\/index.php\/wp-json\/wp\/v2\/types\/page"}],"author":[{"embeddable":true,"href":"https:\/\/www.gcmennecy.fr\/index.php\/wp-json\/wp\/v2\/users\/1"}],"replies":[{"embeddable":true,"href":"https:\/\/www.gcmennecy.fr\/index.php\/wp-json\/wp\/v2\/comments?post=81"}],"version-history":[{"count":13,"href":"https:\/\/www.gcmennecy.fr\/index.php\/wp-json\/wp\/v2\/pages\/81\/revisions"}],"predecessor-version":[{"id":3701,"href":"https:\/\/www.gcmennecy.fr\/index.php\/wp-json\/wp\/v2\/pages\/81\/revisions\/3701"}],"up":[{"embeddable":true,"href":"https:\/\/www.gcmennecy.fr\/index.php\/wp-json\/wp\/v2\/pages\/85"}],"wp:attachment":[{"href":"https:\/\/www.gcmennecy.fr\/index.php\/wp-json\/wp\/v2\/media?parent=81"}],"curies":[{"name":"wp","href":"https:\/\/api.w.org\/{rel}","templated":true}]}}