{"id":1609,"date":"2018-01-28T19:50:42","date_gmt":"2018-01-28T18:50:42","guid":{"rendered":"http:\/\/www.gcmennecy.fr\/?page_id=1609"},"modified":"2018-05-28T01:13:27","modified_gmt":"2018-05-27T23:13:27","slug":"teamgym-team","status":"publish","type":"page","link":"https:\/\/www.gcmennecy.fr\/index.php\/les-resultats\/teamgym-team\/","title":{"rendered":"Comp\u00e9titions TEAMGYM"},"content":{"rendered":"<p>Vous trouverez dans nos sous-rubriques le calendrier des comp\u00e9titions et les r\u00e9sultats.<br \/>\nPour plus d&rsquo;infos sur ce qu&rsquo;est la TEAMGYM, voir notre section\u00a0<a href=\"http:\/\/www.gcmennecy.fr\/index.php\/les-sections\/team-gym\/\">TEAMGYM<\/a><br \/>\n<img loading=\"lazy\" decoding=\"async\" class=\"alignnone size-medium wp-image-1646\" src=\"http:\/\/gcmennecy.fr\/wp-content\/uploads\/2018\/01\/20180121_124232-300x225.jpg\" alt=\"\" width=\"300\" height=\"225\" \/><\/p>\n<p><img loading=\"lazy\" decoding=\"async\" class=\"size-medium wp-image-1647 alignright\" src=\"http:\/\/gcmennecy.fr\/wp-content\/uploads\/2018\/01\/20180121_125422-300x225.jpg\" alt=\"\" width=\"300\" height=\"225\" srcset=\"https:\/\/gcmennecy.fr\/wp-content\/uploads\/2018\/01\/20180121_125422-300x225.jpg 300w, https:\/\/gcmennecy.fr\/wp-content\/uploads\/2018\/01\/20180121_125422-768x576.jpg 768w, https:\/\/gcmennecy.fr\/wp-content\/uploads\/2018\/01\/20180121_125422-1024x768.jpg 1024w\" sizes=\"auto, (max-width: 300px) 100vw, 300px\" \/><\/p>\n<p><img loading=\"lazy\" decoding=\"async\" class=\"size-medium wp-image-1732 aligncenter\" src=\"http:\/\/gcmennecy.fr\/wp-content\/uploads\/2018\/02\/FB_IMG_1517785054546-300x225.jpg\" alt=\"\" width=\"300\" height=\"225\" \/><\/p>\n","protected":false},"excerpt":{"rendered":"<p>Vous trouverez dans nos sous-rubriques le calendrier des comp\u00e9titions et les r\u00e9sultats. Pour plus d&rsquo;infos sur ce qu&rsquo;est la TEAMGYM, voir notre section\u00a0TEAMGYM<\/p>\n","protected":false},"author":1,"featured_media":2137,"parent":187,"menu_order":0,"comment_status":"closed","ping_status":"closed","template":"","meta":{"footnotes":""},"class_list":["post-1609","page","type-page","status-publish","has-post-thumbnail","hentry"],"jetpack_sharing_enabled":true,"jetpack_shortlink":"https:\/\/wp.me\/P8Uk5b-pX","_links":{"self":[{"href":"https:\/\/www.gcmennecy.fr\/index.php\/wp-json\/wp\/v2\/pages\/1609","targetHints":{"allow":["GET"]}}],"collection":[{"href":"https:\/\/www.gcmennecy.fr\/index.php\/wp-json\/wp\/v2\/pages"}],"about":[{"href":"https:\/\/www.gcmennecy.fr\/index.php\/wp-json\/wp\/v2\/types\/page"}],"author":[{"embeddable":true,"href":"https:\/\/www.gcmennecy.fr\/index.php\/wp-json\/wp\/v2\/users\/1"}],"replies":[{"embeddable":true,"href":"https:\/\/www.gcmennecy.fr\/index.php\/wp-json\/wp\/v2\/comments?post=1609"}],"version-history":[{"count":8,"href":"https:\/\/www.gcmennecy.fr\/index.php\/wp-json\/wp\/v2\/pages\/1609\/revisions"}],"predecessor-version":[{"id":1873,"href":"https:\/\/www.gcmennecy.fr\/index.php\/wp-json\/wp\/v2\/pages\/1609\/revisions\/1873"}],"up":[{"embeddable":true,"href":"https:\/\/www.gcmennecy.fr\/index.php\/wp-json\/wp\/v2\/pages\/187"}],"wp:featuredmedia":[{"embeddable":true,"href":"https:\/\/www.gcmennecy.fr\/index.php\/wp-json\/wp\/v2\/media\/2137"}],"wp:attachment":[{"href":"https:\/\/www.gcmennecy.fr\/index.php\/wp-json\/wp\/v2\/media?parent=1609"}],"curies":[{"name":"wp","href":"https:\/\/api.w.org\/{rel}","templated":true}]}}